993077.
3, 221453
What are the prime factors of 519492?
2, 3, 43291
What are the prime factors of 209314?
2, 7, 14951
What are the prime factors of 807389?
11, 29, 2531
What are the prime factors of 7274961?
3, 73, 3691
What are the prime factors of 429507?
3, 13, 3671
List the prime factors of 11364540.
2, 3, 5, 11, 67, 257
List the prime factors of 371270.
2, 5, 137, 271
What are the prime factors of 310730?
2, 5, 7, 23, 193
What are the prime factors of 603234?
2, 3, 11171
List the prime factors of 731086.
2, 43, 8501
List the prime factors of 861550.
2, 5, 17231
What are the prime factors of 1170443?
1170443
What are the prime factors of 31230363?
3, 10410121
List the prime factors of 17369039.
311, 55849
What are the prime factors of 270317?
17, 15901
What are the prime factors of 13933816?
2, 13, 133979
List the prime factors of 14510648.
2, 73, 24847
List the prime factors of 1264207.
7, 313, 577
List the prime factors of 621822.
2, 3, 37, 2801
List the prime factors of 236676.
2, 3, 11, 163
What are the prime factors of 534075?
3, 5, 7121
List the prime factors of 161555.
5, 79, 409
What are the prime factors of 101386?
2, 163, 311
What are the prime factors of 3383509?
3383509
What are the prime factors of 1943473?
7, 277639
List the prime factors of 12854990.
2, 5, 773, 1663
List the prime factors of 3662711.
13, 281747
List the prime factors of 2785870.
2, 5, 61, 4567
What are the prime factors of 5233181?
613, 8537
What are the prime factors of 213493?
7, 4357
What are the prime factors of 18517?
18517
List the prime factors of 237937.
7, 19, 1789
List the prime factors of 1551242.
2, 7, 11, 1439
What are the prime factors of 5563053?
3, 206039
What are the prime factors of 882057?
3, 11, 26729
List the prime factors of 2313086.
2, 433, 2671
What are the prime factors of 331672?
2, 11, 3769
List the prime factors of 2061215.
5, 13, 19, 1669
List the prime factors of 594986.
2, 7, 42499
What are the prime factors of 520952?
2, 65119
What are the prime factors of 3932014?
2, 1966007
List the prime factors of 19094082.
2, 3, 7, 383, 1187
List the prime factors of 2007474.
2, 3, 7, 47797
List the prime factors of 343669.
557, 617
What are the prime factors of 3265789?
199, 16411
What are the prime factors of 132306?
2, 3, 22051
List the prime factors of 11796995.
5, 7, 179, 269
List the prime factors of 8291036.
2, 13, 17, 83, 113
List the prime factors of 3008230.
2, 5, 300823
List the prime factors of 1503664.
2, 93979
What are the prime factors of 28618?
2, 41, 349
What are the prime factors of 768234?
2, 3, 61, 2099
What are the prime factors of 370535?
5, 11, 6737
What are the prime factors of 302008?
2, 7, 5393
List the prime factors of 2833012.
2, 7, 13, 43, 181
List the prime factors of 3208064.
2, 71, 353
What are the prime factors of 1989745?
5, 47, 8467
List the prime factors of 966159.
3, 107351
List the prime factors of 140180.
2, 5, 43, 163
What are the prime factors of 627812?
2, 31, 61, 83
List the prime factors of 3349023.
3, 31, 36011
List the prime factors of 2659131.
3, 295459
What are the prime factors of 430698?
2, 3, 23, 3121
What are the prime factors of 150969?
3, 7, 13, 79
List the prime factors of 900867.
3, 11, 27299
List the prime factors of 147793.
147793
List the prime factors of 120978.
2, 3, 11, 13, 47
List the prime factors of 23539303.
4801, 4903
List the prime factors of 1538632.
2, 89, 2161
List the prime factors of 21173.
31, 683
What are the prime factors of 10390326?
2, 3, 1731721
What are the prime factors of 10079080?
2, 5, 11, 22907
List the prime factors of 324293.
324293
What are the prime factors of 434144?
2, 13567
What are the prime factors of 228807?
3, 25423
List the prime factors of 465461.
199, 2339
What are the prime factors of 6430003?
6430003
What are the prime factors of 9937496?
2, 127, 9781
What are the prime factors of 8425183?
13, 17, 67, 569
What are the prime factors of 36478924?
2, 9119731
List the prime factors of 184696.
2, 23087
List the prime factors of 20304811.
20304811
List the prime factors of 2066694.
2, 3, 7, 49207
What are the prime factors of 435584?
2, 41, 83
What are the prime factors of 1270097?
1270097
List the prime factors of 1271745.
3, 5, 59, 479
List the prime factors of 29779445.
5, 79, 75391
What are the prime factors of 764984?
2, 11, 8693
What are the prime factors of 3967003?
67, 59209
What are the prime factors of 15170782?
2, 11, 689581
What are the prime factors of 2394849?
3, 29, 27527
List the prime factors of 6685843.
6685843
List the prime factors of 332533.
317, 1049
List the prime factors of 2335901.
1129, 2069
List the prime factors of 1410811.
1410811
What are the prime factors of 269049?
3, 11, 31, 263
List the prime factors of 1842844.
2, 460711
List the prime factors of 308627.
11, 28057
List the prime factors of 2682874.
2, 1341437
What are the prime factors of 523492?
2, 130873
List the prime factors of 1851154.
2, 925577
What are the prime factors of 23894990?
2, 5, 7, 341357
List the prime factors of 6699038.
2, 31, 167, 647
List the prime factors of 154168.
2, 7, 2753
List the prime factors of 730261.
7, 104323
List the prime factors of 1960853.
73, 26861
What are the prime factors of 2727851?
7, 181, 2153
What are the prime factors of 836957?
11, 6917
What are the prime factors of 27817895?
5, 7, 37, 21481
List the prime factors of 1419399.
3, 23, 6857
List the prime factors of 298232.
2, 11, 3389
List the prime factors of 15817444.
2, 3954361
List the prime factors of 555982.
2, 7, 151, 263
What are the prime factors of 264162?
2, 3, 44027
List the prime factors of 553518.
2, 3, 7, 23, 191
What are the prime factors of 3105994?
2, 1552997
List the prime factors of 4611442.
2, 11, 263, 797
List the prime factors of 320320.
2, 5, 7, 11, 13
List the prime factors of 5879424.
2, 3, 61, 251
List the prime factors of 6192185.
5, 1238437
What are the prime factors of 6942978?
2, 3, 7, 55103
List the prime factors of 1426323.
3, 475441
List the prime factors of 850372.
2, 212593
List the prime factors of 5604068.
2, 1401017
List the prime factors of 5465511.
3, 431, 1409
List the prime factors of 985587.
3, 19, 17291
What are the prime factors of 18796585?
5, 727, 5171
What are the prime factors of 27112543?
27112543
What are the prime factors of 1206271?
11, 109661
What are the prime factors of 2881217?
19, 151643
List the prime factors of 2835026.
2, 23, 61631
What are the prime factors of 1678975?
5, 239, 281
What are the prime factors of 1208894?
2, 19, 29, 1097
List the prime factors of 775797.
3, 11, 23509
List the prime factors of 25673836.
2, 53, 347, 349
List the prime factors of 1347232.
2, 42101
List the prime factors of 534196.
2, 13, 10273
What are the prime factors of 3318869?
43, 79, 977
List the prime factors of 13506434.
2, 571, 11827
What are the prime factors of 1054187?
17, 62011
List the prime factors of 4938718.
2, 2469359
What are the prime factors of 8416168?
2, 37, 28433
What are the prime factors of 78619?
29, 2711
List the prime factors of 441921.
3, 19, 7753
What are the prime factors of 116554?
2, 101, 577
List the prime factors of 327335.
5, 17, 3851
What are the prime factors of 17302416?
2, 3, 71, 5077
List the prime factors of 206756.
2, 11, 37, 127
What are the prime factors of 2328173?
2328173
List the prime factors of 3741095.
5, 748219
What are the prime factors of 95095?
5, 7, 11, 13, 19
What are the prime factors of 509089?
7, 72727
List the prime factors of 5337.
3, 593
List the prime factors of 323126.
2, 161563
What are the prime factors of 677214?
2, 3, 12541
List the prime factors of 2000671.
2000671
What are the prime factors of 28251274?
2, 109, 129593
List the prime factors of 1364378.
2, 181, 3769
What are the prime factors of 7384828?
2, 11, 47, 3571
List the prime factors of 479611.
11, 59, 739
What are the prime factors of 1013896?
2, 13, 9749
What are the prime factors of 9742308?
2, 3, 31, 26189
List the prime factors of 2149643.
461, 4663
List the prime factors of 460116.
2, 3, 12781
List the prime factors of 153456.
2, 3, 23, 139
What are the prime factors of 2151661?
37, 58153
What are the prime factors of 1906927?
11, 173357
List the prime factors of 643075.
5, 29, 887
List 